{"id":4,"date":"2019-08-14T08:20:27","date_gmt":"2019-08-14T08:20:27","guid":{"rendered":"https:\/\/tcm.eisenprobst.at\/?p=4"},"modified":"2025-05-12T10:13:18","modified_gmt":"2025-05-12T08:13:18","slug":"about","status":"publish","type":"page","link":"https:\/\/tcm.eisenprobst.at\/?page_id=4","title":{"rendered":"\u00dcber mich"},"content":{"rendered":"<h4>\t<\/h4>\n<h2>\u00dcber mich<\/h2>\n<div>\n<p>Dr. Daniela Eisenprobst, Ober\u00e4rztin f\u00fcr Gyn\u00e4kologie und Geburtshilfe am Landesklinikum Melk bis M\u00e4rz 2023, sowie von 2023 bis April 2025 am Uniklinikum St. P\u00f6lten. <br \/>\u00c4rztin f\u00fcr Allgemeinmedizin und Fach\u00e4rztin f\u00fcr traditionelle chinesische Medizin<\/p>\n<\/div>\n<h2>Ausbildung<\/h2>\n<ul>\n<li>\n<div>\n<p>Medizinstudium an der Medizinische Universit\u00e4t Wien<\/p>\n<\/div>\n<\/li>\n<li>\n<div>\n<p>Turnus f\u00fcr Allgemeinmedizin im Kardinal Schwarzenberg Klinikum in Schwarzach\/Pg., Uniklinikum\u00a0St.\u00a0P\u00f6lten und Landesklinikum Melk<\/p>\n<\/div>\n<\/li>\n<li>\n<div>\n<p>Facharztausbildung f\u00fcr Gyn\u00e4kologie und Geburtshilfe im Landesklinikum Melk<\/p>\n<\/div>\n<\/li>\n<li>\n<div>\n<p>\u00d6\u00c4K-Diplom f\u00fcr Akupunktur<\/p>\n<\/div>\n<\/li>\n<li>\n<div>\n<p>\u00d6\u00c4K-Diplom f\u00fcr Chinesische Diagnostik und Arzneitherapie<\/p>\n<\/div>\n<\/li>\n<li>\n<div>\n<p>\u00d6\u00c4K-Diplom f\u00fcr Ern\u00e4hrungsmedizin<\/p>\n<\/div>\n<\/li>\n<li>\n<div>Diplom f\u00fcr K\u00f6rper- und Ohrakupunktur bei \u00d6GA (\u00d6sterreichische Gesellschaft f\u00fcr Akupunktur)<\/div>\n<\/li>\n<li>\n<div>\n<p>Diplom f\u00fcr chinesische Diagnostik und Arzneitherapie bei MedChin<br \/>bei Prof. Dr. med. et Mag. Phil. Gertrude Kubiena<\/p>\n<\/div>\n<\/li>\n<li>\n<div>Spezialdiplom f\u00fcr TCM in der Gyn\u00e4kologie, Geburtshilfe und Kinderwunsch (OGKA)<\/div>\n<\/li>\n<li>\n<div>\n<p>Experten Zertifikat f\u00fcr integrative Kinderwunschbehandlung (OGKA)<\/p>\n<\/div>\n<\/li>\n<\/ul>\n<ul>\n<li>\n<p>        <img decoding=\"async\" src=\"\/wp-content\/uploads\/2024\/01\/OeAK-2web.png\" alt=\"\u00d6\u00c4K Diplom Akupunktur\"><\/p>\n<div>\u00d6\u00c4K Diplom Akupunktur<\/div>\n<p>\u00d6\u00c4K Diplom Akupunktur<\/p>\n<\/li>\n<li>\n<p>        <img decoding=\"async\" src=\"\/wp-content\/uploads\/2024\/01\/OeAK-1web.png\" alt=\"\u00d6\u00c4K Diplom Chinesische Diagnostik und Arzneitherapie\"><\/p>\n<div>\u00d6\u00c4K Diplom Chinesische Diagnostik und Arzneitherapie<\/div>\n<p>\u00d6\u00c4K Diplom Chinesische Diagnostik und Arzneitherapie<\/p>\n<\/li>\n<li>\n<p>        <img decoding=\"async\" src=\"\/wp-content\/uploads\/2024\/01\/OeAK-3web.png\" alt=\"\u00d6\u00c4K Diplom Ern\u00e4hrungsmedizin\"><\/p>\n<div>\u00d6\u00c4K Diplom Ern\u00e4hrungsmedizin<\/div>\n<p>\u00d6\u00c4K Diplom Ern\u00e4hrungsmedizin<\/p>\n<\/li>\n<li>\n<p>        <img decoding=\"async\" src=\"\/wp-content\/uploads\/2022\/05\/DrDE_Diplom_Akupunktur.jpg\" alt=\"Diplom f\u00fcr K\u00f6rper- und Ohrakupunktur\"><\/p>\n<div>Diplom f\u00fcr K\u00f6rper- und Ohrakupunktur bei \u00d6GA<\/div>\n<p>Diplom f\u00fcr K\u00f6rper- und Ohrakupunktur bei \u00d6GA<\/p>\n<\/li>\n<li>\n<p>        <img decoding=\"async\" src=\"\/wp-content\/uploads\/2022\/05\/DrDE_Diplom_TCM.jpg\" alt=\"Diplom f\u00fcr chinesische Diagnostik und Arzneitherapie\"><\/p>\n<div>Diplom f\u00fcr chinesische Diagnostik und Arzneitherapie<\/div>\n<p>Diplom f\u00fcr chinesische Diagnostik und Arzneitherapie<\/p>\n<\/li>\n<li>\n<p>        <img decoding=\"async\" src=\"\/wp-content\/uploads\/2022\/05\/DrDE_Spezialdiplom_TCM-GYN.jpg\" alt=\"Spezialdiplom f\u00fcr TCM in der Gyn\u00e4kologie\"><\/p>\n<div>Spezialdiplom f\u00fcr TCM in der Gyn\u00e4kologie<\/div>\n<p>Spezialdiplom f\u00fcr TCM in der Gyn\u00e4kologie<\/p>\n<\/li>\n<li>\n<p>        <img decoding=\"async\" src=\"\/wp-content\/uploads\/2022\/05\/DrDE_Experten-Zertifikat_kinderwunsch.jpg\" alt=\"Experten Zertifikat f\u00fcr integrative Kinderwunschbehandlung\"><\/p>\n<div>Experten Zertifikat f\u00fcr integrative Kinderwunschbehandlung<\/div>\n<p>Experten Zertifikat f\u00fcr integrative Kinderwunschbehandlung<\/p>\n<\/li>\n<\/ul>\n<h2>Kontakt<\/h2>\n<ul>\n<li>\n<p><a href=\"mailto:tcm@eisenprobst.at\"><\/p>\n<p><a href=\"mailto:tcm@eisenprobst.at\" >E-Mail: tcm@eisenprobst.at<\/a><\/p>\n<p><\/a><\/p>\n<\/li>\n<li>\n<div>Linzer Stra\u00dfe 3\u20135\/1\/4, 3100 St. P\u00f6lten<\/div>\n<\/li>\n<li>\n<p><a href=\"tel:+555-0199\"><\/p>\n<p><a href=\"tel:00436767064460\">Telefon: +43 676 706 44 60<\/a><\/p>\n<p><\/a><\/p>\n<\/li>\n<\/ul>\n<p>\n    <a href=\"https:\/\/patient.latido.at\/arzt\/_Eisenprobst\">Termin reservieren<\/a>\n<\/p>\n<p><!--more--><br \/>\n<!-- {\"name\":\"About\",\"type\":\"layout\",\"children\":[{\"name\":\"Hero\",\"type\":\"section\",\"props\":{\"animation\":\"fade\",\"header_overlay\":\"light\",\"height\":\"percent\",\"height_viewport\":true,\"image\":\"wp-content\\\/uploads\\\/2021\\\/07\\\/uebermich.jpg\",\"image_effect\":\"parallax\",\"image_fixed\":false,\"image_parallax_bgy\":\"-10,100\",\"image_parallax_easing\":\"1\",\"image_position\":\"center-center\",\"image_size\":\"cover\",\"image_width\":\"2500\",\"media\":\"images\\\/home-header.jpg\",\"media_advanced\":true,\"media_background\":\"#fff\",\"style\":\"default\",\"text_color\":\"light\",\"title_breakpoint\":\"xl\",\"title_position\":\"top-left\",\"title_rotation\":\"left\",\"vertical_align\":\"middle\",\"width\":\"default\"},\"children\":[{\"type\":\"row\",\"props\":{\"column_gap\":\"large\",\"margin\":\"large\",\"row_gap\":\"large\"},\"children\":[{\"type\":\"column\",\"props\":{\"image_position\":\"center-center\",\"position_sticky_breakpoint\":\"m\",\"width_medium\":\"1-1\"},\"children\":[{\"type\":\"headline\",\"props\":{\"animation\":\"slide-left-medium\",\"content\":\"\\t\",\"maxwidth\":\"large\",\"position\":\"relative\",\"position_bottom\":\"-280\",\"position_left\":\"0\",\"title_element\":\"h4\"}}]}]}]},{\"name\":\"About\",\"type\":\"section\",\"props\":{\"animation\":\"fade\",\"image_position\":\"center-center\",\"image_size\":\"cover\",\"padding\":\"large\",\"padding_remove_bottom\":true,\"style\":\"default\",\"title_breakpoint\":\"xl\",\"title_position\":\"top-left\",\"title_rotation\":\"left\",\"vertical_align\":\"middle\",\"width\":\"default\"},\"children\":[{\"type\":\"row\",\"props\":{\"margin\":\"remove-vertical\",\"vertical_align\":true},\"children\":[{\"type\":\"column\",\"props\":{\"image_position\":\"center-center\",\"position_sticky_breakpoint\":\"m\",\"width_medium\":\"1-1\"},\"children\":[{\"type\":\"headline\",\"props\":{\"content\":\"\\u00dcber mich\",\"title_decoration\":\"line\",\"title_element\":\"h2\",\"title_style\":\"h3\"}},{\"type\":\"text\",\"props\":{\"block_align\":\"right\",\"column_breakpoint\":\"m\",\"content\":\"\n\n<p>Dr. Daniela Eisenprobst, Ober\\u00e4rztin f\\u00fcr Gyn\\u00e4kologie und Geburtshilfe am Landesklinikum Melk bis M\\u00e4rz 2023, sowie von 2023 bis April 2025 am Uniklinikum St. P\\u00f6lten. <br \/>\\u00c4rztin f\\u00fcr Allgemeinmedizin und Fach\\u00e4rztin f\\u00fcr traditionelle chinesische Medizin<\\\/p>\",\"margin\":\"medium\",\"maxwidth\":\"2xlarge\"}}]}]},{\"type\":\"row\",\"props\":{\"divider\":false,\"margin\":\"medium\",\"vertical_align\":true},\"children\":[{\"type\":\"column\",\"props\":{\"image_position\":\"center-center\",\"position_sticky_breakpoint\":\"m\"},\"children\":[{\"type\":\"headline\",\"props\":{\"content\":\"Ausbildung\",\"title_decoration\":\"line\",\"title_element\":\"h2\",\"title_style\":\"h3\"}},{\"type\":\"list\",\"props\":{\"block_align\":\"right\",\"column_breakpoint\":\"m\",\"icon\":\"chevron-double-right\",\"image\":true,\"image_align\":\"left\",\"image_svg_color\":\"emphasis\",\"image_vertical_align\":true,\"link_style\":\"text\",\"list_element\":\"ul\",\"list_horizontal_separator\":\", \",\"list_size\":\"large\",\"list_type\":\"vertical\",\"margin\":\"medium\",\"maxwidth\":\"2xlarge\",\"show_image\":true,\"show_link\":true},\"children\":[{\"type\":\"list_item\",\"props\":{\"content\":\"\n\n<p>Medizinstudium an der Medizinische Universit\\u00e4t Wien<\\\/p>\"}},{\"type\":\"list_item\",\"props\":{\"content\":\"\n\n<p>Turnus f\\u00fcr Allgemeinmedizin im Kardinal Schwarzenberg Klinikum in Schwarzach\\\/Pg., Uniklinikum\\u00a0St.\\u00a0P\\u00f6lten und Landesklinikum Melk<\\\/p>\"}},{\"type\":\"list_item\",\"props\":{\"content\":\"\n\n<p>Facharztausbildung f\\u00fcr Gyn\\u00e4kologie und Geburtshilfe im Landesklinikum Melk<\\\/p>\"}},{\"type\":\"list_item\",\"props\":{\"content\":\"\n\n<p>\\u00d6\\u00c4K-Diplom f\\u00fcr Akupunktur<\\\/p>\"}},{\"type\":\"list_item\",\"props\":{\"content\":\"\n\n<p>\\u00d6\\u00c4K-Diplom f\\u00fcr Chinesische Diagnostik und Arzneitherapie<\\\/p>\"}},{\"type\":\"list_item\",\"props\":{\"content\":\"\n\n<p>\\u00d6\\u00c4K-Diplom f\\u00fcr Ern\\u00e4hrungsmedizin<\\\/p>\"}},{\"type\":\"list_item\",\"props\":{\"content\":\"Diplom f\\u00fcr K\\u00f6rper- und Ohrakupunktur bei \\u00d6GA (\\u00d6sterreichische Gesellschaft f\\u00fcr Akupunktur)\"}},{\"type\":\"list_item\",\"props\":{\"content\":\"\n\n<p>Diplom f\\u00fcr chinesische Diagnostik und Arzneitherapie bei MedChin<br \\\/>bei Prof. Dr. med. et Mag. Phil. Gertrude Kubiena<\\\/p>\"}},{\"type\":\"list_item\",\"props\":{\"content\":\"Spezialdiplom f\\u00fcr TCM in der Gyn\\u00e4kologie, Geburtshilfe und Kinderwunsch (OGKA)\"}},{\"type\":\"list_item\",\"props\":{\"content\":\"\n\n<p>Experten Zertifikat f\\u00fcr integrative Kinderwunschbehandlung (OGKA)<\\\/p>\",\"image\":\"\"}}]},{\"type\":\"gallery\",\"props\":{\"block_align\":\"right\",\"filter\":false,\"filter_align\":\"left\",\"filter_all\":true,\"filter_grid_breakpoint\":\"m\",\"filter_grid_width\":\"auto\",\"filter_position\":\"top\",\"filter_style\":\"tab\",\"grid_default\":\"2\",\"grid_large\":\"4\",\"grid_masonry\":true,\"grid_medium\":\"4\",\"grid_small\":\"4\",\"grid_xlarge\":\"4\",\"image_box_shadow\":\"medium\",\"image_orientation\":true,\"image_transition\":\"scale-up\",\"item_animation\":true,\"item_maxwidth\":\"small\",\"lightbox\":true,\"lightbox_image_orientation\":true,\"lightbox_image_width\":\"1000\",\"link_fullwidth\":false,\"link_size\":\"small\",\"link_style\":\"default\",\"link_text\":\"\",\"margin\":\"default\",\"maxwidth\":\"2xlarge\",\"meta_align\":\"below-title\",\"meta_element\":\"div\",\"meta_style\":\"\",\"overlay_hover\":false,\"overlay_link\":true,\"overlay_mode\":\"caption\",\"overlay_position\":\"center\",\"overlay_style\":\"\",\"overlay_transition\":\"fade\",\"parallax_easing\":\"1\",\"show_content\":false,\"show_hover_image\":false,\"show_link\":false,\"show_meta\":false,\"show_title\":false,\"text_align\":\"center\",\"text_color\":\"\",\"title_element\":\"div\",\"title_hover_style\":\"reset\",\"title_margin\":\"remove\"},\"children\":[{\"type\":\"gallery_item\",\"props\":{\"image\":\"wp-content\\\/uploads\\\/2024\\\/01\\\/OeAK-2web.png\",\"image_alt\":\"\\u00d6\\u00c4K Diplom Akupunktur\",\"meta\":\"\\u00d6\\u00c4K Diplom Akupunktur\",\"title\":\"\\u00d6\\u00c4K Diplom Akupunktur\"}},{\"type\":\"gallery_item\",\"props\":{\"image\":\"wp-content\\\/uploads\\\/2024\\\/01\\\/OeAK-1web.png\",\"image_alt\":\"\\u00d6\\u00c4K Diplom Chinesische Diagnostik und Arzneitherapie\",\"meta\":\"\\u00d6\\u00c4K Diplom Chinesische Diagnostik und Arzneitherapie\",\"title\":\"\\u00d6\\u00c4K Diplom Chinesische Diagnostik und Arzneitherapie\"}},{\"type\":\"gallery_item\",\"props\":{\"image\":\"wp-content\\\/uploads\\\/2024\\\/01\\\/OeAK-3web.png\",\"image_alt\":\"\\u00d6\\u00c4K Diplom Ern\\u00e4hrungsmedizin\",\"meta\":\"\\u00d6\\u00c4K Diplom Ern\\u00e4hrungsmedizin\",\"title\":\"\\u00d6\\u00c4K Diplom Ern\\u00e4hrungsmedizin\"}},{\"type\":\"gallery_item\",\"props\":{\"image\":\"wp-content\\\/uploads\\\/2022\\\/05\\\/DrDE_Diplom_Akupunktur.jpg\",\"image_alt\":\"Diplom f\\u00fcr K\\u00f6rper- und Ohrakupunktur\",\"meta\":\"Diplom f\\u00fcr K\\u00f6rper- und Ohrakupunktur bei \\u00d6GA\",\"title\":\"Diplom f\\u00fcr K\\u00f6rper- und Ohrakupunktur bei \\u00d6GA\"}},{\"type\":\"gallery_item\",\"props\":{\"image\":\"wp-content\\\/uploads\\\/2022\\\/05\\\/DrDE_Diplom_TCM.jpg\",\"image_alt\":\"Diplom f\\u00fcr chinesische Diagnostik und Arzneitherapie\",\"meta\":\"Diplom f\\u00fcr chinesische Diagnostik und Arzneitherapie\",\"title\":\"Diplom f\\u00fcr chinesische Diagnostik und Arzneitherapie\"}},{\"type\":\"gallery_item\",\"props\":{\"image\":\"wp-content\\\/uploads\\\/2022\\\/05\\\/DrDE_Spezialdiplom_TCM-GYN.jpg\",\"image_alt\":\"Spezialdiplom f\\u00fcr TCM in der Gyn\\u00e4kologie\",\"meta\":\"Spezialdiplom f\\u00fcr TCM in der Gyn\\u00e4kologie\",\"title\":\"Spezialdiplom f\\u00fcr TCM in der Gyn\\u00e4kologie\"}},{\"type\":\"gallery_item\",\"props\":{\"image\":\"wp-content\\\/uploads\\\/2022\\\/05\\\/DrDE_Experten-Zertifikat_kinderwunsch.jpg\",\"image_alt\":\"Experten Zertifikat f\\u00fcr integrative Kinderwunschbehandlung\",\"meta\":\"Experten Zertifikat f\\u00fcr integrative Kinderwunschbehandlung\",\"title\":\"Experten Zertifikat f\\u00fcr integrative Kinderwunschbehandlung\"}}]}]}]},{\"type\":\"row\",\"props\":{\"margin\":\"medium\",\"vertical_align\":true},\"children\":[{\"type\":\"column\",\"props\":{\"image_position\":\"center-center\",\"position_sticky_breakpoint\":\"m\",\"vertical_align\":\"middle\",\"width_medium\":\"1-1\"},\"children\":[{\"type\":\"headline\",\"props\":{\"content\":\"Kontakt\",\"title_decoration\":\"line\",\"title_element\":\"h2\",\"title_style\":\"h3\"}},{\"type\":\"list\",\"props\":{\"block_align\":\"right\",\"column_breakpoint\":\"m\",\"image\":true,\"image_align\":\"left\",\"image_svg_color\":\"emphasis\",\"image_vertical_align\":true,\"link_style\":\"text\",\"list_element\":\"ul\",\"list_horizontal_separator\":\", \",\"list_size\":\"large\",\"list_type\":\"vertical\",\"margin\":\"medium\",\"maxwidth\":\"2xlarge\",\"show_image\":true,\"show_link\":true},\"children\":[{\"type\":\"list_item\",\"props\":{\"content\":\"\n\n<p><a href=\\\"mailto:tcm@eisenprobst.at\\\" >E-Mail: tcm@eisenprobst.at<\\\/a><\\\/p>\",\"image_alt\":\"email\",\"link\":\"mailto:tcm@eisenprobst.at\"}},{\"type\":\"list_item\",\"props\":{\"content\":\"Linzer Stra\\u00dfe 3\\u20135\\\/1\\\/4, 3100 St. P\\u00f6lten\"}},{\"type\":\"list_item\",\"props\":{\"content\":\"\n\n<p><a href=\\\"tel:00436767064460\\\">Telefon: +43 676 706 44 60<\\\/a><\\\/p>\",\"image_alt\":\"phone number\",\"link\":\"tel:+555-0199\"}}]}]}]}]},{\"type\":\"section\",\"props\":{\"animation\":\"fade\",\"image_position\":\"center-center\",\"style\":\"default\",\"title_breakpoint\":\"xl\",\"title_position\":\"top-left\",\"title_rotation\":\"left\",\"vertical_align\":\"middle\",\"width\":\"default\"},\"children\":[{\"type\":\"row\",\"props\":{\"layout\":\"1-3,1-3,1-3\"},\"children\":[{\"type\":\"column\",\"props\":{\"image_position\":\"center-center\",\"position_sticky_breakpoint\":\"m\",\"width_medium\":\"1-3\"}},{\"type\":\"column\",\"props\":{\"image_position\":\"center-center\",\"position_sticky_breakpoint\":\"m\",\"width_medium\":\"1-3\"},\"children\":[{\"type\":\"button\",\"props\":{\"button_size\":\"large\",\"fullwidth\":false,\"grid_column_gap\":\"small\",\"grid_row_gap\":\"small\",\"margin\":\"default\",\"margin_remove_bottom\":false},\"children\":[{\"type\":\"button_item\",\"props\":{\"button_style\":\"secondary\",\"content\":\"Termin reservieren\",\"icon\":\"pencil\",\"icon_align\":\"left\",\"link\":\"https:\\\/\\\/patient.latido.at\\\/arzt\\\/_Eisenprobst\",\"link_target\":\"blank\",\"link_title\":\"Termin reservieren\"}}],\"modified\":\"2021-07-11T15:03:54.259Z\",\"name\":\"termin reservierung\"}]},{\"type\":\"column\",\"props\":{\"image_position\":\"center-center\",\"position_sticky_breakpoint\":\"m\",\"width_medium\":\"1-3\"}}]}]}],\"version\":\"4.0.8\"} --><\/p>\n","protected":false},"excerpt":{"rendered":"<p>\u00dcber mich Dr. Daniela Eisenprobst, Ober\u00e4rztin f\u00fcr Gyn\u00e4kologie und Geburtshilfe am Landesklinikum Melk bis M\u00e4rz 2023, sowie von 2023 bis April 2025 am Uniklinikum St. P\u00f6lten. \u00c4rztin f\u00fcr Allgemeinmedizin und Fach\u00e4rztin f\u00fcr traditionelle chinesische Medizin Ausbildung Medizinstudium an der Medizinische Universit\u00e4t Wien Turnus f\u00fcr Allgemeinmedizin im Kardinal Schwarzenberg Klinikum in Schwarzach\/Pg., Uniklinikum\u00a0St.\u00a0P\u00f6lten und Landesklinikum Melk [&hellip;]<\/p>\n","protected":false},"author":1,"featured_media":0,"parent":0,"menu_order":3,"comment_status":"open","ping_status":"open","template":"","meta":{"footnotes":""},"class_list":["post-4","page","type-page","status-publish","hentry"],"acf":[],"_links":{"self":[{"href":"https:\/\/tcm.eisenprobst.at\/index.php?rest_route=\/wp\/v2\/pages\/4","targetHints":{"allow":["GET"]}}],"collection":[{"href":"https:\/\/tcm.eisenprobst.at\/index.php?rest_route=\/wp\/v2\/pages"}],"about":[{"href":"https:\/\/tcm.eisenprobst.at\/index.php?rest_route=\/wp\/v2\/types\/page"}],"author":[{"embeddable":true,"href":"https:\/\/tcm.eisenprobst.at\/index.php?rest_route=\/wp\/v2\/users\/1"}],"replies":[{"embeddable":true,"href":"https:\/\/tcm.eisenprobst.at\/index.php?rest_route=%2Fwp%2Fv2%2Fcomments&post=4"}],"version-history":[{"count":83,"href":"https:\/\/tcm.eisenprobst.at\/index.php?rest_route=\/wp\/v2\/pages\/4\/revisions"}],"predecessor-version":[{"id":2017,"href":"https:\/\/tcm.eisenprobst.at\/index.php?rest_route=\/wp\/v2\/pages\/4\/revisions\/2017"}],"wp:attachment":[{"href":"https:\/\/tcm.eisenprobst.at\/index.php?rest_route=%2Fwp%2Fv2%2Fmedia&parent=4"}],"curies":[{"name":"wp","href":"https:\/\/api.w.org\/{rel}","templated":true}]}}